{"id":243,"date":"2021-02-08T08:56:18","date_gmt":"2021-02-08T08:56:18","guid":{"rendered":"https:\/\/www.nowa-edu.us.edu.pl\/interreg\/?page_id=243"},"modified":"2021-10-27T07:23:05","modified_gmt":"2021-10-27T07:23:05","slug":"nazov-projektu","status":"publish","type":"page","link":"https:\/\/www.nowa-edu.us.edu.pl\/interreg\/sk\/nazov-projektu\/","title":{"rendered":"N\u00e1zov projektu"},"content":{"rendered":"<p><strong>N\u00e1zov projekt<\/strong><\/p>\n<p>Modern\u00e9 vzdel\u00e1vanie o environment\u00e1lnych ohrozeniach ako predpoklad vytvorenia nov\u00fdch, \u0161pecializovan\u00fdch pracovn\u00fdch miest<\/p>\n<p><strong>Z\u00e1kladn\u00e9 inform\u00e1cie o projekte<\/strong><\/p>\n<p>Financovanie: Eur\u00f3psky fond region\u00e1lneho rozvoja<br \/>\nCelkov\u00e1 hodnota projektu: 932 011,80 EUR<br \/>\nSpolufinancovanie z EFRR (85%): 792 209,91 EUR<br \/>\nVed\u00faci projektu: Sliezska univerzita v Katoviciach, Fakulta pr\u00edrodn\u00fdch vied www.us.edu.pl<br \/>\nPartner: \u017dilinsk\u00e1 univerzita v \u017diline, Stavebn\u00e1 fakulta www.uniza.sk<br \/>\nObdobie realiz\u00e1cie: od 01.06.2019 r. do 31.05.2022<\/p>\n<p><strong>Stru\u010dn\u00fd popis projekt<\/strong><\/p>\n<p>Projekt je zalo\u017een\u00fd na cezhrani\u010dnom prenose kompetenci\u00ed a zav\u00e1dzan\u00ed modern\u00fdch environment\u00e1lnych technol\u00f3gi\u00ed pre environment\u00e1lne ohrozenia do odborn\u00e9ho vzdel\u00e1vania v z\u00e1ujmovej oblasti. To sa dosiahne vytvoren\u00edm nov\u00fdch vzdel\u00e1vac\u00edch programov a \u0161kolen\u00edm cie\u013eov\u00fdch skup\u00edn. \u0160kolenie bude zah\u0155\u0148a\u0165 kompetencie t\u00fdkaj\u00face sa nov\u00fdch met\u00f3d identifik\u00e1cie a boja proti ohrozeniam. V prvej f\u00e1ze projektu bude prenos technol\u00f3gi\u00ed zo \u017dilinskej univerzity v \u017diline k po\u013esk\u00e9mu partnerovi (syst\u00e9m v\u010dasn\u00e9ho varovania pred pohybom zeminy v zosuvn\u00fdch oblastiach a tie\u017e syst\u00e9m pre r\u00fdchlu detekciu povodn\u00ed na z\u00e1klade sn\u00edma\u010dov novej gener\u00e1cie in\u0161talovan\u00fdch v ohrozen\u00fdch oblastiach) a sp\u00e4tn\u00fd presun technol\u00f3gi\u00ed zo Sliezskej univerzity k slovensk\u00e9mu partnerovi (nov\u00e1, patentovan\u00e1, unik\u00e1tna technol\u00f3gia vyu\u017e\u00edvania dendrochronol\u00f3gie na identifik\u00e1ciu zosuvu, povodne, zne\u010dis\u0165uj\u00facich l\u00e1tok a na vypracovanie mapy ohrozenia). Tieto kompetencie bud\u00fa n\u00e1sledne \u0161\u00edren\u00e9 vo forme vypracovan\u00fdch vzdel\u00e1vac\u00edch programovpre profesiu technik\/in\u017einier environment\u00e1lnych ohrozen\u00ed (v s\u00falade s platn\u00fdmi pr\u00e1vnymi predpismi) pre tri \u00farovne vzdelania: vysok\u00e9 \u0161koly, stredn\u00e9 \u0161koly a \u0161koly pre dospel\u00fdch. Pre v\u0161etky tieto \u00farovne vzdel\u00e1vania sa bud\u00fa vykon\u00e1va\u0165 \u0161kolenia (pre \u0161tudentov a u\u010dite\u013eov) a v poslednej f\u00e1ze projektu sa bud\u00fa kona\u0165 praktick\u00e9 \u0161kolenia zameran\u00e9 na aplik\u00e1ciu nov\u00fdch technol\u00f3gi\u00ed na<\/p>\n<p>skuto\u010dn\u00fdch pr\u00edkladoch ohrozenia vyskytuj\u00facich sa v z\u00e1ujmovej oblasti. T\u00e1to f\u00e1za je zameran\u00e1 na rie\u0161enie konkr\u00e9tnych environment\u00e1lnych probl\u00e9mov od ich identifik\u00e1cie, cez praktick\u00e9 vyu\u017eitie technol\u00f3gi\u00ed a\u017e po ich spr\u00e1vu.<\/p>\n<p>Osoby\/in\u0161tit\u00facie v z\u00e1ujmovej oblasti sa m\u00f4\u017eu priamo z\u00fa\u010dastni\u0165 v\u0161etk\u00fdch pr\u00e1c (ter\u00e9nnych, laborat\u00f3rnych, koncep\u010dn\u00fdch). Dokument\u00e1cia z praktick\u00fdch<\/p>\n<p>\u0161kolen\u00ed bude k dispoz\u00edcii aj on-line. V tejto f\u00e1ze sa kladie d\u00f4raz na mo\u017enosti komer\u010dn\u00e9ho vyu\u017e\u00edvania prezentovan\u00fdch technol\u00f3gi\u00ed tak, aby obyvatelia v z\u00e1ujmovej oblasti mali mo\u017enos\u0165 zamestna\u0165 sa a zarobi\u0165 si peniaze.<\/p>\n","protected":false},"excerpt":{"rendered":"<p>N\u00e1zov projekt Modern\u00e9 vzdel\u00e1vanie o environment\u00e1lnych ohrozeniach ako predpoklad vytvorenia nov\u00fdch, \u0161pecializovan\u00fdch pracovn\u00fdch miest Z\u00e1kladn\u00e9 inform\u00e1cie o projekte Financovanie: Eur\u00f3psky fond region\u00e1lneho rozvoja Celkov\u00e1 hodnota projektu: 932 011,80 EUR Spolufinancovanie z EFRR (85%): 792 209,91 EUR Ved\u00faci projektu: Sliezska univerzita v Katoviciach, Fakulta pr\u00edrodn\u00fdch vied www.us.edu.pl Partner: \u017dilinsk\u00e1 univerzita v \u017diline, Stavebn\u00e1 fakulta www.uniza.sk Obdobie [&hellip;]<\/p>\n","protected":false},"author":2,"featured_media":0,"parent":0,"menu_order":0,"comment_status":"closed","ping_status":"closed","template":"","meta":{"footnotes":""},"acf":[],"_links":{"self":[{"href":"https:\/\/www.nowa-edu.us.edu.pl\/interreg\/wp-json\/wp\/v2\/pages\/243"}],"collection":[{"href":"https:\/\/www.nowa-edu.us.edu.pl\/interreg\/wp-json\/wp\/v2\/pages"}],"about":[{"href":"https:\/\/www.nowa-edu.us.edu.pl\/interreg\/wp-json\/wp\/v2\/types\/page"}],"author":[{"embeddable":true,"href":"https:\/\/www.nowa-edu.us.edu.pl\/interreg\/wp-json\/wp\/v2\/users\/2"}],"replies":[{"embeddable":true,"href":"https:\/\/www.nowa-edu.us.edu.pl\/interreg\/wp-json\/wp\/v2\/comments?post=243"}],"version-history":[{"count":3,"href":"https:\/\/www.nowa-edu.us.edu.pl\/interreg\/wp-json\/wp\/v2\/pages\/243\/revisions"}],"predecessor-version":[{"id":592,"href":"https:\/\/www.nowa-edu.us.edu.pl\/interreg\/wp-json\/wp\/v2\/pages\/243\/revisions\/592"}],"wp:attachment":[{"href":"https:\/\/www.nowa-edu.us.edu.pl\/interreg\/wp-json\/wp\/v2\/media?parent=243"}],"curies":[{"name":"wp","href":"https:\/\/api.w.org\/{rel}","templated":true}]}}